w be ((-5)/(-3))/(3/(-954)). Let v = w + 838. What is the greatest common divisor of v and 28?
28
Let j = 221 + -211. Calculate the greatest common divisor of 165 and j.
5
Let n(i) = -2*i**3 - 22*i**2 + 12*i + 24. Let p be n(-12). What is the highest common divisor of 72 and p?
24
Let q be (-2)/12 + (-116)/24. Let p = 17 - q. What is the greatest common divisor of 176 and p?
22
Let s = 37 + -35. Suppose -3*v = -s*y + 252, y - 147 = -4*v - 43. Calculate the highest common divisor of y and 15.
15
Suppose 3*j + j - 1312 = r, -3*r - 12 = 0. Let w be 3/(-12) - j/(-12). Suppose 7 = -5*q + w. What is the greatest common divisor of q and 20?
4
Let b(q) = q**2 + 17*q - 44. Let f be b(-21). Calculate the highest common factor of f and 100.
20
Let m(s) = s**2 + 8*s - 2. Let w be m(-7). Let t = 85 + w. Calculate the greatest common factor of 38 and t.
38
Suppose 840 = -43*j + 51*j. Calculate the greatest common factor of 140 and j.
35
Let g be 540/(-126)*(-126)/5. Calculate the greatest common divisor of g and 84.
12
Suppose -m + 686 = 3*u, 5*u - 4*u - m = 234. Suppose -2*c + u = -4*c. Let o = -67 - c. Calculate the highest common divisor of 12 and o.
12
Let n = 4 - -40. Let v(q) = -7*q + 18. Let y be v(2). What is the highest common factor of n and y?
4
Let s be (-16)/(-6) + (-2)/3. Suppose -64 = -k - 0*o - 5*o, 4*o = s*k - 100. What is the greatest common divisor of k and 6?
6
Suppose 4*f - 16 = 0, 2*q = 2*f + 82 + 162. What is the greatest common factor of 36 and q?
18
Let b(m) = 59*m - 10. Let u be b(7). What is the highest common divisor of u and 117?
13
Let c(j) = -5*j + 265. Let h be c(49). Suppose 3*n - 5*z = 120, 3*z - 108 - 92 = -5*n. What is the highest common factor of h and n?
20
Let b be -4 - ((-16)/2 + -2). Let a be (3 + -1)/(b - 1432/240). Calculate the greatest common factor of a and 15.
15
Let l(r) be the second derivative of -7/2*r**2 + 4*r + 1/3*r**3 + 0. Let u be l(8). What is the greatest common factor of 1 and u?
1
Suppose 5*s = 5, -11*y + s = -12*y + 3. What is the greatest common divisor of 396 and y?
2
Let x be (14/10)/((-8)/(-40)). Let q(v) = -x*v + 0 + 9 - 6 - v**2. Let g be q(-4). What is the highest common factor of g and 5?
5
Suppose -3*a + 3 = 33. Let l(n) = n**3 + 9*n**2 - 25*n - 14. Let h be l(a). What is the highest common divisor of 17 and h?
17
Suppose -7*p + 2*a + 562 = -4*p, 384 = 2*p + a. What is the greatest common divisor of 70 and p?
10
Suppose 28 = 4*d - 4*k - 8, 3*k + 47 = 5*d. Suppose -n + 6*n = d. Let t(b) = 9*b**2 + 7*b. Let f be t(-2). What is the greatest common factor of f and n?
2
Suppose -4*t = 2*o - 501 - 865, 3*o = -t + 344. What is the highest common factor of t and 62?
31
Let q(k) = -18*k - 1. Let z be (-4)/(-1) - (-34 + 5). Suppose -a - z = -31. Let r be q(a). What is the highest common divisor of r and 7?
7
Suppose -3*j = -m + 100, -3*m + 265 = -153*j + 151*j. Calculate the greatest common divisor of 136 and m.
17
Suppose 167 = 4*a - 173. What is the highest common divisor of 68 and a?
17
Let j be (10 - (-2)/(-1))*10318/616. What is the highest common factor of 1742 and j?
134
Let d(a) = -4*a**3 + 6*a**2 + 4*a - 36. Let l be d(-6). Calculate the greatest common divisor of l and 45.
15
Let m(o) = 100*o**2 - 3*o + 3. Let p be m(1). Calculate the greatest common divisor of 250 and p.
50
Let u = -93 + 204. Suppose -4*t + 197 = 3*h + t, -4*h + t + 301 = 0. Calculate the greatest common divisor of h and u.
37
Suppose 7*u - 390 = 2*u - 3*x, -2*u = -3*x - 177. Let j = -52 + 75. Let d = -14 + j. Calculate the highest common divisor of u and d.
9
Let q = 132 + -128. Suppose -5*h = 5*x - 595, 2*x - 474 = -q*h - x. Calculate the greatest common divisor of 9 and h.
9
Let s(a) = 4*a**2 + 45*a - 229. Let w be s(13). Calculate the greatest common factor of 129 and w.
129
Let u be -5 + 9 - (2 - -17). Let v be 660/(-25)*u/2. Calculate the highest common factor of 18 and v.
18
Suppose -2*j = -858 - 672. What is the highest common factor of 34 and j?
17
Suppose 0*c - 3*c = -555. Suppose -5*v + 420 = -c. Let x be (22/10)/(3/15). Calculate the greatest common divisor of x and v.
11
Let g = -68 - -133. Let x(v) = v**3 + 8*v**2 + 5*v - 1. Let w be x(-7). What is the greatest common divisor of g and w?
13
Let u(m) = -m**2 + 11*m + 14. Let a be u(12). Suppose 0*r + a = -r. Let n be (42/4 - r)*2. What is the highest common factor of 100 and n?
25
Let n = 339 + -187. Let y(z) = 18*z**3 - z**2 + 2. Let m be y(1). What is the greatest common factor of m and n?
19
Let c be ((-144)/(-10))/(185/20350). What is the greatest common divisor of c and 12?
12
Suppose 3*d = d. Let g be 0/(-4 - -2) - d. Suppose 4*f - 213 + 45 = g. Calculate the highest common divisor of 14 and f.
14
Suppose -3*z + 35 = -2*b, -5*z = -4*b - 50 - 5. Let n be (-1)/((-7)/21) - (1 - 3). Suppose -2*k + n*k = 15. What is the highest common factor of z and k?
5
Let g(f) = -f**3 + 3*f**2 - f + 3. Let a be g(3). Let q be a - -1 - (3 - 34). Suppose -10*r + 1728 = 44*r. Calculate the greatest common factor of q and r.
32
Let v = 264 - 241. What is the highest common factor of 46 and v?
23
Let q be 28 - 0/(2 + -1). Let w be 1816/(-72) + 2/9. Let i = w + 39. What is the highest common divisor of q and i?
14
Suppose -19285 = -9*m - 2275. Calculate the highest common factor of m and 35.
35
Let j = 25 + -19. Suppose -4*q - 21 = o, 5*o = -2*q + j*q + 15. Let z be (-2)/q*(-25)/(-10). Calculate the highest common factor of z and 9.
1
Let f = 5 + -2. Suppose 0 = 3*k - 16 + 4. Suppose 3 = -k*v - 6*m + 3*m, 6 = -3*v - 3*m. What is the highest common factor of f and v?
3
Let y = -846 + 901. Calculate the greatest common factor of 1375 and y.
55
Suppose 336 = 3*t + 3*u, 137 = t - 4*u + 10. Calculate the highest common factor of t and 23.
23
Suppose -8*p - 19 - 37 = 0. Let m be (0 - 11*p) + 3. Calculate the greatest common factor of m and 16.
16
Let b = -8 + 3. Let z be (-30)/12*14/b. Suppose z*i - 120 = 2*i. Calculate the highest common factor of 192 and i.
24
Suppose 0 = 5*b - 4*z - 775, 4*b - 594 = -4*z + 26. What is the highest common factor of 15 and b?
5
Let c be (-5)/((-3)/(-9) + (-25)/66). Let t(f) = -f**3 - 4*f**2 + 3*f. Let u be t(-5). Calculate the highest common divisor of c and u.
10
Suppose 0 = 10*u + 38 - 178. What is the highest common divisor of u and 35?
7
Let j be (2/3)/(16/(-24)). Let d be (0 - j) + (-15 - -217). What is the highest common factor of d and 29?
29
Suppose 14*b - 9*b - 65 = 0. Let a(r) = -r**3 - r + 2*r - 5*r**2 + 4*r**2 + 26. Let s be a(0). Calculate the greatest common divisor of s and b.
13
Suppose -4*i + 0*i - 80 = -2*t, 0 = -3*t + 3*i + 126. Let p = 67 - t. Calculate the highest common factor of 23 and p.
23
Let k be 1 + (-20)/15 - (-74)/6. What is the highest common factor of 24 and k?
12
Let f = 32 - 37. Let m be 15/f - 1*-9. Calculate the greatest common divisor of m and 4.
2
Let i(z) = z**2 - 5*z - 25. Let l be i(9). Calculate the highest common divisor of 143 and l.
11
Suppose 2*d = x + 79, 0 = 4*d - 3*d - 3*x - 32. Suppose 3*m = 2*p + 113, -2*m = 2*p - 0*p - 92. What is the greatest common divisor of m and d?
41
Let h be 1*-18 - 2*(-2)/1. Suppose k - 520 = -3*k. Let x be k/6 - h/(-21). What is the greatest common divisor of x and 7?
7
Let t be 17 - (-2 - -2) - -2. Let u = -14 + t. Suppose 40 = 5*l - u*g, -l - 4*g = -4*l + 27. Calculate the greatest common divisor of 10 and l.
5
Let k = 101 - 51. Calculate the highest common factor of k and 40.
10
Suppose 5*u - 151 = 3*k, 7*u - 2*u = 4*k + 148. Let b be 40/12*(-84)/(-35). Calculate the greatest common factor of u and b.
8
Let p(q) = 2*q**2 - 4*q + 8. Let h be p(8). What is the greatest common factor of 8 and h?
8
Let b(c) = c**3 + 9*c + 6*c**2 - 6*c**2 + 4 - 9*c**2. Let i be 1*(-6)/4*(-16)/3. Let x be b(i). What is the highest common factor of 18 and x?
6
Suppose -4 = 3*b - 2*l + 10, -2*b = -5*l - 9. Let z be 1*b/((-40)/165). Calculate the greatest common factor of z and 363.
33
Suppose 6*s - 420 = -s. Suppose -10*l - s = -210. What is the greatest common divisor of 15 and l?
15
Let a(t) = 63*t - 4. Let n be a(-3). Let c = n - -363. Calculate the greatest common factor of c and 10.
10
Let o = -793 - -813. Calculate the highest common factor of 44 and o.
4
Suppose 0 = 5*w + 2*a - 0*a